m.
4
Let l = 1 - -3. Suppose -g = -3*k + 16, -4*g + 2*g - k - 11 = 0. Let j = g - -10. Calculate the remainder when l is divided by j.
1
Suppose 0 = 5*b - 7 - 18. Calculate the remainder when 14 is divided by b.
4
Suppose 13*o = 22*o - 234. Calculate the remainder when o is divided by 14.
12
Let r = 80 + -53. What is the remainder when r is divided by 6?
3
Suppose 0 = 5*o - 10*o - 260. Let b = -13 - o. Calculate the remainder when b is divided by 14.
11
Let q = -15 - -10. Let p(c) = -c**2 - 9*c - 4. Suppose 21 = 2*i - i + 4*b, -33 = -3*i - 2*b. Calculate the remainder when p(q) is divided by i.
7
Let y be (0/((-9)/3))/(-3). Suppose -z + y*z + 45 = 0. Calculate the remainder when z is divided by 16.
13
Let a(q) = 3*q**2 - q + 1. Calculate the remainder when a(4) is divided by 7.
3
Suppose 0 = 2*t + 17 + 93. Let r = 102 + t. Suppose 14 = 3*m - 5*d - 14, 4*m = d + 60. What is the remainder when r is divided by m?
15
Let a = -11 + 15. Suppose -a*s + 21 = -3*s + 2*y, -32 = -2*s + y. Calculate the remainder when 3 + -5 - -34 - 0/(-1) is divided by s.
15
Let y = 10 - 8. Suppose 2*k - 17 = -3*s, -6*k = -y*k - 3*s - 79. What is the remainder when 59 is divided by k?
11
Suppose 0 = -7*n + 35. Let d be -2 + 5/(5/(-24)). Calculate the remainder when n is divided by d/(-8) - 1/4.
2
Let p = 14 + -9. Let i = p + -2. What is the remainder when 10 is divided by i?
1
Suppose -23*i + 4 = -21*i. Suppose 2*d + 2*d - 24 = 0. Calculate the remainder when d is divided by i.
0
Let h(u) = -u + 24. Suppose -4*l + 29 + 7 = 0. Calculate the remainder when h(7) is divided by l.
8
Let t(g) = g**3 - g**2 + 6*g - 8. What is the remainder when t(4) is divided by 23?
18
Calculate the remainder when 23 is divided by (-259)/(-21) + (-4)/(-6).
10
Let q = -1 + 6. Let l be ((-20)/30)/(2/(-9)). Calculate the remainder when 28*6/63*l is divided by q.
3
Let m = -44 - -131. Calculate the remainder when m is divided by 10.
7
Let f = 296 - 58. What is the remainder when f is divided by 48?
46
Suppose -o - 170 = -6*o. Let i(b) = -b**2 + 13*b - 12. Suppose 4*r - 11 - 29 = 0. Calculate the remainder when o is divided by i(r).
16
Suppose -34 = -4*o + d - 3*d, 3*d = o - 19. Calculate the remainder when (57/6 + 0)*2 is divided by o.
9
Calculate the remainder when 191 is divided by 2 + 33 - 12/4.
31
Suppose 0 = 4*z - z - 39. What is the remainder when ((-4)/(-10))/1 - 4956/(-210) is divided by z?
11
Suppose 5*v + 2*o - 7*o = 125, 0 = 5*v + o - 113. Let t = -43 + 24. Let w = t - -27. What is the remainder when v is divided by w?
7
Let a be ((-1)/2)/(3/(-12)). Suppose -2*y + 47 + 25 = 4*p, a*p - y = 28. Suppose 2 = -s + p. Calculate the remainder when s is divided by 8.
6
Let v(j) = j**3 - 4*j**2 + 3*j + 2. Let u be v(4). Let m = 2 + u. Calculate the remainder when m is divided by 6.
4
Calculate the remainder when (0 - 3)/(11/(-88)) is divided by 5.
4
Let y = 31 - 11. Calculate the remainder when 39 is divided by y.
19
Suppose -12 = -4*f + 16. Suppose 4*p - 1 = f. Suppose 2*a - 136 = -p*a. What is the remainder when a is divided by 12?
10
Let o(i) = 5*i**2 - 6*i - 7. What is the remainder when 198 is divided by o(-2)?
23
Suppose -120 = -3*q - 2*q. Let w = q + -16. Calculate the remainder when 29 is divided by w.
5
Let k(h) = h**3 - 3*h**2 + 4*h - 4. Suppose -75 = 4*r - 9*r. Calculate the remainder when r is divided by k(3).
7
Suppose 38 = 2*p + 4. What is the remainder when p is divided by ((-27)/(-6))/(3/6)?
8
Suppose -r + 3 + 0 = 0. Suppose r*z + 5*o = 65, 31 = 4*z - o - 71. What is the remainder when z is divided by 7?
4
Let v(h) = 3*h**2 - 4*h + 3. Let r(l) = 2*l**2 - 6*l - 4. Let b = 1 + -5. What is the remainder when r(b) is divided by v(3)?
16
Suppose -173 = -5*u + 77. Calculate the remainder when u is divided by 11 - -2*(0 + 1).
11
Calculate the remainder when (0 - 1 - -30) + 4 is divided by 9.
6
Suppose -13 = 2*d - 3*d. What is the remainder when 49 is divided by d?
10
Let v(j) = -j**3 - j**2 + 3*j - 4. Calculate the remainder when 23 is divided by v(-3).
3
Suppose 4*k - 53 = -21. Suppose -k = -2*a + 12. What is the remainder when 18 is divided by a?
8
Suppose 5*o + 28 = -47. Let p = 55 + o. Calculate the remainder when p is divided by 14.
12
Suppose -p + 19 = 3*k, -7*k + 2*k + 95 = 5*p. Let o(s) = -11*s**3 - s**2 - 2*s - 1. What is the remainder when 1 + p + 4 + -4 is divided by o(-1)?
9
Suppose r - 3 = -f, -3*f - 8 = -2. Calculate the remainder when 5 is divided by r.
0
What is the remainder when (7/4)/(2/32) is divided by 10?
8
Let q(l) = -6*l + 2. Suppose 2 = 2*z + 10. What is the remainder when q(-7) is divided by z/(-10) - (-73)/5?
14
Suppose -a - 3 = -2*z - 11, 0 = 3*a - 4*z - 18. Suppose 2*s - 13 = -4*b + 7, a*b - 4*s = 30. What is the remainder when 78 is divided by -2 + b + -3 + 18?
18
Let z(g) be the third derivative of 5*g**4/8 + g**3/3 + g**2. What is the remainder when z(5) is divided by 26?
25
Suppose 2*h - 3*h + 29 = 0. Suppose 4*p = -2*q + 54, 3*q - 28 + 7 = -2*p. What is the remainder when h is divided by p?
14
Let n(k) = -k**3 + 11*k**2 + k + 2. What is the remainder when n(11) is divided by 3?
1
Let w = 1 - -3. Calculate the remainder when 19 is divided by w.
3
Let m = -70 - -77. Let s = 38 - 21. What is the remainder when s is divided by m?
3
Suppose 0 = -4*r + 11 - 359. Let w be r/5 - 8/(-20). Let b = w - -31. What is the remainder when 26 is divided by b?
12
Suppose -2*y - l + 8 = 1, -3*y - 3*l = -9. Suppose 2*k - 29 + 125 = y*c, -10 = -c - 3*k. What is the remainder when 65 is divided by c?
21
Let y(i) = i - 8. Let p be y(14). What is the remainder when 2/(-4) + 405/p is divided by 17?
16
Let x = 40 - 23. Calculate the remainder when 32 is divided by x.
15
Calculate the remainder when 97 is divided by 6/9 + (-292)/(-12).
22
Suppose -n + 14 = -2*k - 2*k, -3*n - 4*k + 26 = 0. What is the remainder when 32 is divided by n?
2
Let k = -54 + 110. What is the remainder when k is divided by 19?
18
Let v = 41 - 17. What is the remainder when 25 is divided by v?
1
Let x(i) = 26 + 3*i - 7*i - 25. Suppose 4*n = -5*b - 40, 4*n = 3*b + b - 4. Calculate the remainder when 49 is divided by x(b).
15
Suppose 2*l + 194 = 4*l. What is the remainder when l is divided by 25?
22
Suppose l = -l + 26. What is the remainder when 50 is divided by l?
11
Suppose 5*y + 6*u = u + 5, 8 = 2*y - 4*u. Suppose 7*w - 155 = -8. What is the remainder when w is divided by (y - (-10)/(-6))*33?
10
Let y be 100/26 - (-4)/26. Suppose 0 = -3*m + y + 47. Let x(i) = 3*i - 9. Calculate the remainder when m is divided by x(6).
8
Suppose -2*h + 73 = j, 4*j - 2*j + 29 = h. What is the remainder when h is divided by 13?
9
Suppose 0 = -5*u - 0*u + 60. Calculate the remainder when 329/(-84)*4*-3 is divided by u.
11
Suppose 5*t - 343 - 687 = 0. Calculate the remainder when t is divided by 70.
66
Let z = -4 - -1. Calculate the remainder when 34 is divided by 72/(-16)*(z - -1).
7
Let v(j) = -24*j. Let s be v(-1). Let n = -13 + s. Suppose -5*m = 2*b - 90, 3*m - 3*b - 55 = m. Calculate the remainder when m is divided by n.
9
Let x = -30 + 15. Suppose 2*t - 30 = 22. Let r = x + t. Calculate the remainder when r is divided by 6.
5
Let i be (3 - 0)/(3/(-12)). Let h(x) = 31*x**2 + x. Let c be h(-1). Let s = c - i. What is the remainder when s is divided by 11?
9
Calculate the remainder when 79 is divided by -2 - -6 - (-56)/(8/2).
7
Suppose -7 = -3*n + 2*p + 1, 3*n = 4*p + 10. Let q(u) = 4*u - 1. What is the remainder when q(n) is divided by 2?
1
Suppose 0 = -2*t - t + 9. Suppose 2*p = -t*b + 74, -4*b = b + 5*p - 120. What is the remainder when b is divided by 9?
8
Let g(n) = -1 + 0*n + 10*n - 4*n. Suppose 0*k = -2*s - 4*k, -2*s + 2*k = -18. What is the remainder when g(2) is divided by s?
5
Let a be 1/(3 - 44/16). Suppose 5*r - 4*o - 124 = 0, -3*o = 2*r - a*o - 49. What is the remainder when r is divided by 14?
10
Suppose -j = 3*z - 5 - 5, 0 = -2*j - 5*z + 22. Suppose j = 5*i - i. Calculate the remainder when 5 is divided by i.
1
Suppose -2*w - 72 = -5*w. Calculate the remainder when 69 is divided by w.
21
What is the remainder when (-421)/(-6) - (-4)/(-24) is divided by 24?
22
Suppose 6*y - 2*y - 13 = 3*w, -2*y + 2*w + 6 = 0. Suppose -y*j - j = -175. What is the remainder when j is divided by 12?
11
Let a(s) = 3*s + 6. C